{"id":73,"date":"2025-03-23T18:07:07","date_gmt":"2025-03-23T17:07:07","guid":{"rendered":"https:\/\/tournelion.com\/?page_id=73"},"modified":"2025-04-29T17:21:43","modified_gmt":"2025-04-29T15:21:43","slug":"mentions-legales","status":"publish","type":"page","link":"https:\/\/tournelion.com\/index.php\/mentions-legales\/","title":{"rendered":"Mentions l\u00e9gales"},"content":{"rendered":"\t\t<div data-elementor-type=\"wp-page\" data-elementor-id=\"73\" class=\"elementor elementor-73\">\n\t\t\t\t<div class=\"elementor-element elementor-element-4df1308 e-flex e-con-boxed e-con e-parent\" data-id=\"4df1308\" data-element_type=\"container\">\n\t\t\t\t\t<div class=\"e-con-inner\">\n\t\t\t\t<div class=\"elementor-element elementor-element-b036d71 elementor-widget elementor-widget-text-editor\" data-id=\"b036d71\" data-element_type=\"widget\" data-widget_type=\"text-editor.default\">\n\t\t\t\t<div class=\"elementor-widget-container\">\n\t\t\t\t\t\t\t\t\t<h4>Mises \u00e0 jour le: 23\/03\/2025<\/h4><h4>Les mentions l\u00e9gales du site internet <a href=\"https:\/\/tournelion.com\/\">https:\/\/tournelion.com\/<\/a><span class=\"Apple-converted-space\">\u00a0<\/span> (le \u201c<b>Site<\/b>\u201d) sont port\u00e9es \u00e0 la connaissance des internautes (\u201c<b>Vous<\/b>\u201d) en application des articles 6, III, 1 et 19 de la loi n\u00b02004-575 du 21 juin 2004 pour la confiance dans l\u2019\u00e9conomie num\u00e9rique.<span class=\"Apple-converted-space\">\u00a0<\/span><\/h4><h4>Vous pouvez les consulter \u00e0 tout moment depuis la page \u00ab\u00a0Mentions l\u00e9gales\u00a0\u00bb en bas de page du site.<\/h4><h4><b>ARTICLE 1 \u2013 IDENTIT\u00c9 DE L\u2019\u00c9DITEUR DU SITE<span class=\"Apple-converted-space\">\u00a0<\/span><\/b><\/h4><h4>Le Site est \u00e9dit\u00e9 par madame Th\u00e9r\u00e8se Boujaklian, entrepreneuse individuelle domicili\u00e9e au 29 Quai de la Pr\u00e9valaye 35000 Rennes et dont le num\u00e9ro SIREN est 984202341 (l\u2019\u201c<b>\u00c9diteur<\/b>\u201d).<span class=\"Apple-converted-space\">\u00a0<\/span><\/h4><h4>L\u2019\u00c9diteur est joignable \u00e0 l\u2019adresse \u00e9lectronique suivante : <a href=\"mailto:tesstournelion@gmail.com\">tesstournelion@gmail.com<\/a><\/h4><h4>Le directeur de publication du Site est \u00e9galement Th\u00e9r\u00e8se Boujaklian.<\/h4><h4>Vous pouvez \u00e0 tout moment consulter en bas de page depuis la page \u00ab\u00a0Conditions g\u00e9n\u00e9rales de vente\u00bb et t\u00e9l\u00e9charger les conditions g\u00e9n\u00e9rales de vente du Site.<span class=\"Apple-converted-space\">\u00a0<\/span><\/h4><h4><b>ARTICLE 2 \u2013 IDENTIT\u00c9 DE L\u2019H\u00c9BERGEUR DU SITE<span class=\"Apple-converted-space\">\u00a0<\/span><\/b><\/h4><h4>Le Site est h\u00e9berg\u00e9 par OVH (SAS), dont le si\u00e8ge social est situ\u00e9 au:<\/h4><h4>2 rue Kellermann 59100 Roubaix France<\/h4><h4>joignable au num\u00e9ro suivant: 1007<\/h4>\t\t\t\t\t\t\t\t<\/div>\n\t\t\t\t<\/div>\n\t\t\t\t\t<\/div>\n\t\t\t\t<\/div>\n\t\t\t\t<\/div>\n\t\t","protected":false},"excerpt":{"rendered":"<p>Mises \u00e0 jour le: 23\/03\/2025 Les mentions l\u00e9gales du site internet https:\/\/tournelion.com\/\u00a0 (le \u201cSite\u201d) sont port\u00e9es \u00e0 la connaissance des internautes (\u201cVous\u201d) en application des articles 6, III, 1 et 19 de la loi n\u00b02004-575 du 21 juin 2004 pour la confiance dans l\u2019\u00e9conomie num\u00e9rique.\u00a0 Vous pouvez les consulter \u00e0 tout moment depuis la page [&hellip;]<\/p>\n","protected":false},"author":1,"featured_media":0,"parent":0,"menu_order":0,"comment_status":"closed","ping_status":"closed","template":"","meta":{"footnotes":""},"class_list":["post-73","page","type-page","status-publish","hentry"],"_links":{"self":[{"href":"https:\/\/tournelion.com\/index.php\/wp-json\/wp\/v2\/pages\/73","targetHints":{"allow":["GET"]}}],"collection":[{"href":"https:\/\/tournelion.com\/index.php\/wp-json\/wp\/v2\/pages"}],"about":[{"href":"https:\/\/tournelion.com\/index.php\/wp-json\/wp\/v2\/types\/page"}],"author":[{"embeddable":true,"href":"https:\/\/tournelion.com\/index.php\/wp-json\/wp\/v2\/users\/1"}],"replies":[{"embeddable":true,"href":"https:\/\/tournelion.com\/index.php\/wp-json\/wp\/v2\/comments?post=73"}],"version-history":[{"count":7,"href":"https:\/\/tournelion.com\/index.php\/wp-json\/wp\/v2\/pages\/73\/revisions"}],"predecessor-version":[{"id":190,"href":"https:\/\/tournelion.com\/index.php\/wp-json\/wp\/v2\/pages\/73\/revisions\/190"}],"wp:attachment":[{"href":"https:\/\/tournelion.com\/index.php\/wp-json\/wp\/v2\/media?parent=73"}],"curies":[{"name":"wp","href":"https:\/\/api.w.org\/{rel}","templated":true}]}}